rmine d(1).
3
Suppose -3*x = 17*s - 15*s - 2, -7*s = -5*x - 38. Let l(y) = 7. Let z(k) = -k - 13. Let a(j) = -7*l(j) - 4*z(j). What is a(x)?
-5
Suppose -4 = 3*g + 11, -4*n = 5*g + 5. Suppose 0 = 3*k - n*k + 14. Let i(y) = k*y - 6*y + y + 3 - 5*y. Give i(4).
-9
Let s(z) = z + 3. Let u be -10 + (-1)/(-1) - -2. Let d(a) = a**3 + 7*a**2 - 3*a + 14. Let g be d(u). Let i = 31 - g. Give s(i).
-1
Let d(l) be the second derivative of l**6/120 - 3*l**5/20 + l**4/3 + 4*l**3/3 - 81*l**2/2 - 6*l + 1. Let t(w) be the first derivative of d(w). Determine t(8).
8
Let g = 270 - 200. Let s(m) = -76*m + 0*m**2 - m**2 + 3 + g*m. What is s(-3)?
12
Let a(k) = k**3 - 17*k**2 - k + 19. Let t be 4/(-8) + 385/22. Determine a(t).
2
Let v(z) = z**3 + 4*z**2 - 5*z + 6. Suppose 2623 - 383 = 20*j. Let t = j + -117. Determine v(t).
6
Let t(d) be the second derivative of -4 + 0*d**2 - 1/12*d**4 - 1/6*d**3 - 3/5*d**5 - 4*d. Give t(-1).
12
Let o(g) be the first derivative of -26*g**3/3 + g**2/2 + 2. Let y = -132 + -477. Let c = 610 + y. Give o(c).
-25
Let u(q) = -19*q**2 + q + 1. Let r(a) be the second derivative of a**4/12 + 5*a**3/6 - 7*a**2/2 - 143*a. Let c be r(-6). Give u(c).
-19
Let g(y) = 2*y + 12. Suppose -432*k + 2*p - 38 = -427*k, 0 = -3*k - 4*p - 28. Calculate g(k).
-4
Let h(c) = 3*c**2 + 26*c + 112. Let b(d) = 4*d**2 + 38*d + 156. Let l(v) = -5*b(v) + 7*h(v). Calculate l(5).
-11
Suppose 0 = -2*t + 4 + 356. Let c = t + -173. Let v(g) be the first derivative of g**3/3 - 4*g**2 + 10*g + 3. Give v(c).
3
Let i be 20/(-90) + 0 + (-28)/(-72). Let j(g) be the third derivative of 0*g - 7/24*g**4 - 12*g**2 - i*g**3 + 0. Calculate j(-2).
13
Let r(s) = s**3 - 10*s**2 + 8*s + 4. Suppose -2*a - 2*a - 212 = -2*n, 2*n = -5*a + 185. Let p = n - 91. Give r(p).
-5
Let f be 3*4/(0 + 4). Suppose -10*n = -f*n - 21. Let x(m) = -m - n*m**2 + 4*m**3 + 2 + 7*m**2 - 2*m**2. What is x(-2)?
-20
Let w be 6264/(-1856) - ((-9)/8)/3. Let l(x) = 5*x + 4. Give l(w).
-11
Let t(o) = -16*o + 116. Let h(w) = 246*w + 4682. Let x be h(-19). Give t(x).
-12
Let g be (0 + 10/(-12))/(2/12). Let p(o) = 2*o**2 + 13*o + 4. Give p(g).
-11
Let a(b) be the first derivative of -5*b**3/3 + 27*b**2/2 - 13*b + 4355. Determine a(6).
-31
Let i(a) = a**2 - 6*a - 2. Let d(j) = j**2 - 16*j + 5. Let o = -14 - -11. Let y be (-7 + -5)/(o/4). Let p be d(y). Calculate i(p).
-7
Let i(c) be the second derivative of 15*c**3/2 - 70*c**2 + 2*c + 379. Calculate i(3).
-5
Suppose -35 = -z + 3*c, 0*z + 5*c = -2*z + 59. Suppose -z*j + 16*j - 96 = 0. Let k(v) = -v**3 - 5*v**2 + 3*v - 11. What is k(j)?
7
Let z be ((-3)/30*-10)/((-1)/(-3)). Suppose -w - 8 = z*j - 0*j, -5 = 4*w + 3*j. Let d(q) = -5 + 5 - q + 24*q**2 + 1 + 0. Calculate d(w).
24
Let x(a) = a**2 + 7*a - 1. Let d(r) be the third derivative of r**4/24 + 5*r**3/3 + 42*r**2. Let s be d(-3). Suppose s*i - 4 + 46 = 0. Calculate x(i).
-7
Let k be ((-112)/32)/((-35)/10). Let x(h) = -30*h**2 - h - 2. What is x(k)?
-33
Let k = 182 - 181. Let m(l) = 2*l - 19. Let c(n) = n. Let t(w) = k*m(w) - 3*c(w). Give t(-10).
-9
Let t(f) = -f**2 - 3*f**2 + 1 - 8 + 5*f**2 - 2*f. Let z be (30/8)/((-325)/(-260)). Calculate t(z).
-4
Let s(o) be the first derivative of -4*o - 1/3*o**3 + 0*o**2 - 50. Determine s(-3).
-13
Let a(y) = 5*y**2 + y**3 - 2*y**2 + y**3. Suppose 2*h = -13*h + 8*h - 14. Determine a(h).
-4
Let b(l) = 27 - 266*l + 534*l - 269*l. Suppose -195*f + 194*f = 0. Determine b(f).
27
Let h(p) be the first derivative of p**4/4 - p**3 - 7*p**2/2 - 13*p - 1170. Determine h(5).
2
Suppose -5*m = d + 3, -4*d - 3 - 66 = m. Let q(a) = 4*a + 77. What is q(d)?
5
Suppose 0 = -9*l - 24*l - 7 - 59. Let r(v) = 2*v**3 + 3*v**2 - 5*v - 15. Determine r(l).
-9
Let c = -3713 - -3712. Let x(w) = w**3 + 2*w**2 + w + 2. Give x(c).
2
Let i(h) be the second derivative of h**5/20 + h**4/6 - 2*h**3/3 - 9*h**2/2 - 191*h + 3. What is i(0)?
-9
Let v(z) = -26*z - 687. Let d(j) = 3*j + 77. Let f(w) = 6*d(w) + v(w). What is f(-28)?
-1
Let q(t) = -304*t + 5. Let p(l) = 1065*l - 16. Let m(a) = -2*p(a) - 7*q(a). Suppose 0*g + g - c + 6 = 0, 0 = -3*g + 5*c - 22. What is m(g)?
5
Suppose 3 - 9 = -3*m. Let a(t) = 6 + 8*t - 7*t - 7*t - t**m. Give a(-6).
6
Let h(i) = -2*i**3 - 4*i**2 + 6. Let m = 487 + -492. Let c(x) = 3*x**3 + 7*x**2 - 10. Let z(l) = m*h(l) - 3*c(l). Determine z(-1).
-2
Let b(i) = -i**3 - 3*i**2 + i - 5. Let j = 0 - -11. Let z(f) = -21*f**2 - 1134*f + 15. Let r be z(-54). Let k = j - r. What is b(k)?
7
Let b(i) be the second derivative of i**4/12 + 13*i**3/6 - 6*i**2 + 1447*i - 3. Calculate b(-12).
-24
Let q = -2 + 4. Let f(d) be the first derivative of -d**5/15 + d**3/3 + 19*d**2 - 52. Let v(r) be the second derivative of f(r). Give v(q).
-14
Let w be 1/(((-16)/(-576))/(2/(-6))). Let g(a) = 5*a + 66. Give g(w).
6
Let u(l) = 7*l**2 + 16*l - 9. Let z(x) = -15*x**2 - 33*x + 19. Let o(r) = 13*u(r) + 6*z(r). Suppose -10 = 3*m - 130. Suppose j + 3*j + m = 0. Give o(j).
-3
Suppose 3*f - 5*b - 62 = 0, -253*f + 249*f = 3*b - 15. Let s(v) be the third derivative of -v**4/12 + 4*v**3 + 7*v**2. Give s(f).
6
Let x(g) = 4*g - 2. Let o(q) = 5*q - 12. Let j be o(4). Suppose 0 = -j*a + 12 + 20. Let f be 25/a + 5/(-20). What is x(f)?
22
Let q be (-3)/(-6) + ((-34)/(-4) - -3). Suppose 0 = -q*d + 14*d + 12. Let t(p) = 60 - 168 + p + 56 + 65. Determine t(d).
7
Suppose -3*j + 31 = 3*f + 61, 30 = -2*f - 4*j. Let s(n) = -2*n - 15. Give s(f).
-5
Let l(i) = -136 - 150 - 132 + 434 + 2*i. Determine l(-34).
-52
Let o = -885 + 613. Let g = o - -273. Let h(i) = -5*i**2 - 2*i + 1. Give h(g).
-6
Suppose 0 = -10*f + 7*f - 297. Let k = f - -102. Let u(n) = -2*n**3 - 3*n**2 + k*n + n**3 + 2 + n - 2*n. Calculate u(-2).
-6
Let w(i) = -4*i - 272. Let j(g) = -5*g - 209. Let c(s) = 3*j(s) - 2*w(s). What is c(-6)?
-41
Let a be (-6)/(-4)*(-2 - (-56)/12). Let j(o) = 4*o + 3. Suppose -3 - 5 = -8*b. Let f(r) = -r. Let k(g) = b*j(g) + 3*f(g). What is k(a)?
7
Let j(h) = 2*h. Let k(s) be the second derivative of s**3/6 + 2*s**2 + 21*s. Let n = -21 - -15. Let c be k(n). What is j(c)?
-4
Let p(z) = z**3 - 2*z - 1. Let k be p(-1). Let g(d) = 1 + k*d + d + 0. Let q(r) = -r**2 - 2*r + 94. Let j be q(9). Give g(j).
-4
Let v be 3/((-16)/(-32)*2/31). Let c = v - 95. Let d(j) be the first derivative of j**2 - 17. Determine d(c).
-4
Let p = -299 - -382. Let t = -84 + p. Let o(u) = -15*u**3 + u. Give o(t).
14
Suppose 17 = 2*x - 3*o, 3*x + 2*o - o = 20. Let j = x - 14. Let h(g) be the third derivative of g**5/60 + g**4/3 - 2*g**3/3 + 702*g**2 - 10. Calculate h(j).
-11
Let h(m) = m**2 + 8*m - 59. Let p(q) = q**2 + 7*q - 66. Let u(r) = -5*h(r) + 4*p(r). Let x be ((-28)/(-7) + -2)/((-4)/28). Give u(x).
3
Let d = 32594 - 32592. Let w(f) = -4 + 4 + f**3 - 2*f**2 - f. Determine w(d).
-2
Let w(x) = -2 - 3 + 6*x + 6. Let i(a) = a**3 + 2*a**2 - 6*a - 4. Let p be i(2). Suppose -9*n + 30 - 39 = p. Determine w(n).
-5
Let g(l) = 46*l - 73. Let a(b) = -41*b + 66. Let z(j) = 9*a(j) + 8*g(j). Calculate z(9).
1
Let p(h) = -2*h**2 - h - 1. Let m(l) = -5*l**2 + 7*l + 16. Let a(n) = -m(n) + 2*p(n). Let g be a(11). Let c(w) = -w + 2. What is c(g)?
-2
Let a(x) = -196368 + 196368 - 6*x + x**2. Give a(-1).
7
Let x(o) be the third derivative of -o**6/120 + o**5/30 - o**4/12 + o**3/6 - 2*o**2 + 50. Let y(f) = -4*f - 6. Let i be y(-2). Calculate x(i).
-3
Let x(s) be the first derivative of -s**4/4 + 10*s**3/3 - 13*s**2 + 36*s + 2602. Determine x(7).
1
Let o(s) = 33*s - 22. Let q be o(-2). Let u be 7/(-28) + q/32. Let b(k) = -5*k**2 - k + 3. Determine b(u).
-39
Let b(f) = 7*f. Let h(j) = 6*j - 74. Let i(d) = 14*d**3 - d. Let r be i(1). Let a be h(r). Determine b(a).
28
Let q(x) = 5*x**2 - 2. Suppose -3*z + 5*n = -23, 4*z + 2*n + 5 = z. Let p be q(z). Let c(s) = -s**3 + 3*s**2 - 2*s + 1. Calculate c(p).
-5
Let m be 107/4 + -5 + (-42)/(-8). Let l = m - 33. Let h(f) = -f + 3. Determine h(l).
9
Let c(s) = -23*s**2 - 2*s + 3. Let w(r) = -65*r**2 - 7*r + 8. Suppose 5*h = 9*h + 68. Let n(q) = h*c(q) + 6*w(q). Calculate n(8).
-3
Let i(y) be the third derivative of 5/6*y**3 + 0*y - 2*y**2 - 1/60*y**5 - 1 - 11/24*y**4. Determine i(-9).
23
Suppose -6*l - 3 = -15. Suppose -8 = -6*m + 2*m, l = -2*n + m. Let z(d) = 7*d + 15. Let y(f) = -39*f - 75. Let v(t) = -2*y(t) - 11*z(t). Give v(n).
-15
Let c(w) = 5*w + 62. Su